 the units digit of y(f)?
0
Let h(b) = -24*b - 119 - 10*b - 73 + 2 + 6*b. What is the units digit of h(-7)?
6
Let z = 596 + -511. What is the hundreds digit of z/(-102) + 22227/18?
2
Let x(t) = 155*t + 3116. What is the units digit of x(-14)?
6
Let v(a) = 5*a + 0*a + a**3 + 8*a - 14 - 6*a**2. Let k be (-6)/(-1) - (9 - 14 - -5). What is the units digit of v(k)?
4
Let j = 5071 - 3075. What is the hundreds digit of j?
9
Let x = 16975 + -7385. What is the units digit of x?
0
Let o(t) = 4*t**3 - 376*t**2 - 60*t + 293. What is the thousands digit of o(95)?
0
Suppose -5*q + 344 = -4*u, u = -0*u - 1. Let h = q - 68. Suppose h*i + 5*i = 275. What is the tens digit of i?
5
Suppose -5*j = -2*f + 165, 3*f - j - 37 = 178. Suppose -f - 30 = -2*b. Let o = 150 + b. What is the tens digit of o?
0
Let i = 9 + -7. Suppose -80 = -3*u - i*u. What is the units digit of (-4)/u + 1095/12?
1
Suppose -2*o = -3833 - 867. Suppose -4*t + 0*t = 2*a - o, -5*a - 1730 = -3*t. What is the hundreds digit of t?
5
Let s = 12355 + 52214. What is the hundreds digit of s?
5
Let o = 44 + 13. Let t = o + 566. What is the units digit of t?
3
Let d(h) = -69 - 34*h - 36*h + 81. Let y be d(-5). Suppose 2*n - 158 = -0*n - 5*i, 5*n - 4*i = y. What is the tens digit of n?
7
Let z(d) = 3*d - 9. Let j(l) = 4*l - 14. Let m = 2 - -5. Let p(r) = m*z(r) - 5*j(r). What is the units digit of p(0)?
7
Suppose -7*o + 4*o - 3 = 0. Let h be o/5 + (392/35)/(-4). What is the hundreds digit of ((-2)/h)/(16/3624)?
1
Let j(a) = 6*a + 3. Let s be 0 + -2 - -4 - -2. Let m = 9 - s. What is the tens digit of j(m)?
3
Let c(y) = -y**2 - 20*y - 1. Let i be c(-22). Let o = i + 88. Suppose o = 4*k - 25. What is the tens digit of k?
1
Suppose -4*f - 13*h = -12432, -h + 4*h = 0. What is the units digit of f?
8
Let d be 7 - (-195)/(-27) - (-2)/9. Suppose d*h = 4*h - 460. What is the units digit of h?
5
Suppose -2*c - 8 = 0, 3*h - 5*h = -5*c - 12. What is the hundreds digit of ((-6294)/(-13) - 4) + h/26?
4
Let b = -241 - -139. Let z = b + 88. What is the hundreds digit of (-1746)/z - 2/(-7)?
1
Let y(o) = 10*o - 27. Let q be y(3). Suppose -6*i - 5*f = -9*i + 215, q*i = -f + 227. What is the units digit of i?
5
Suppose -137*o + 1137428 = -1419951. What is the hundreds digit of o?
6
Suppose -2*x + 885 = -2*p - 437, 5*p = x - 653. What is the tens digit of x?
6
What is the units digit of (-69)/10 - (-9)/(-90) - -726?
9
Let a = -34 - -3. Suppose -h - 5 = -o, -10*o + 2*h + 14 = -6*o. What is the units digit of (o - a - -2) + (1 - -1)?
7
Suppose -2*p + 9 = b, -4*p + p - 69 = -4*b. Let c(u) be the second derivative of 5*u**3/3 - 22*u**2 - 3*u + 46. What is the units digit of c(b)?
6
Let n(a) = -a**2 + 2*a + 67. Let i be n(-7). Suppose -i*v = 3*z - 1874 + 221, 1654 = 4*v + 2*z. What is the tens digit of v?
1
Let y(l) = -l**3 - 2*l**2 + 93. Let j be 4 + -1 + 0 + 0. Suppose 4*f + 1 = s, -j*s + 2*s + 1 = 5*f. What is the tens digit of y(f)?
9
Let l(g) = -21*g - 140. Let b be l(31). Let x = b - -1334. What is the units digit of x?
3
Let k(g) = 35*g**3 + 3*g**2 + 3*g - 63. What is the thousands digit of k(4)?
2
What is the units digit of (-2 - 3)/(((-17)/1733)/17)?
5
Let i(a) = a**3 + 61*a**2 - 500*a - 60. What is the hundreds digit of i(-66)?
1
Let t(i) = 2*i**2 + 20*i - 6. Let j be t(-9). Let l be (3/j + (-30)/16)*37. Let b = l + 159. What is the units digit of b?
5
What is the units digit of 49606/10 + 27/(-360)*8?
0
Let c be (-8)/(-6)*(-2 + 5). Suppose 4*d + 6*p - 238 = 4*p, 4*d - 208 = c*p. What is the tens digit of d?
5
What is the hundreds digit of (-13345)/(-51)*513/9?
9
Let x(o) = -o - 1. Let h be x(-6). Suppose 25 = 5*z + 5*n, -h*z + 3*n + 25 = -0*n. What is the tens digit of z*(64/4 + -2) - -1?
7
Let x = 514 + -322. Suppose -2*z + 3*w + 0*w + 19 = 0, -5*z = 3*w + 5. Suppose 0*d = z*d - x. What is the tens digit of d?
9
Let l(x) = x**3 + 17*x**2 + 2*x - 6. Let s be 43/43 + (-13 - 1)/2. What is the tens digit of l(s)?
7
Suppose -8739 = -10*w + w. Suppose -2*n = -n + 3*h - w, -2*n = -2*h - 1950. What is the units digit of n?
4
Let b(m) = -1082*m - 1546. What is the tens digit of b(-4)?
8
Suppose 23*i = 22*i + 3. Suppose 2*r = 1 - 11, -i*r = 4*n - 2141. What is the hundreds digit of n?
5
Suppose 142*y = 146*y - 232. What is the hundreds digit of 195 - y - (-7 + 0)?
1
Let f be 4/(-14) - 17175/35. Let d = f - -605. What is the tens digit of d?
1
Suppose 80122 = 46*o + 51*o. What is the hundreds digit of o?
8
Let a = -106 + 108. Suppose -6*l = a*l. Suppose -3*w + 463 = -x - 56, l = 2*w + 4*x - 332. What is the tens digit of w?
7
Let a be (105/12 - -5)/(1/(-4)). Let t = 43 - a. What is the tens digit of t?
9
Let c = 1353 - 879. Let p = 708 - c. What is the tens digit of p?
3
Let k(y) = 9*y + 96*y**2 + 11*y - 8 - 16*y. What is the hundreds digit of k(2)?
3
Suppose 81*b + 17444 = 85*b. Suppose -66*h - b = -73*h. What is the tens digit of h?
2
Let g be (-2)/3 - (-217)/(-21). Let x(b) be the first derivative of -b**4/4 - 10*b**3/3 - 2*b**2 - 33*b - 69. What is the tens digit of x(g)?
3
Suppose 0 = 5*d + 5*k - 7195, 10*d = 15*d + 4*k - 7200. Let u = d - 929. What is the hundreds digit of u?
5
Let g = 24961 - 21778. What is the hundreds digit of g?
1
Suppose 5*l = -76 + 1. Let t be (5/l)/((-4)/48). Suppose -a = -2*c + 96, c - t*a - 39 = a. What is the tens digit of c?
4
Suppose -4*a + 1393 = 377. Let u = a - -141. Suppose 0 = 4*w + 59 - u. What is the units digit of w?
4
Suppose 10*g - 241 = 29. What is the units digit of (-1 + -14)/(g/(-243))?
5
What is the units digit of (-9857)/(-5) + -7 + (-196)/(-35)?
0
Suppose -59*w = -55*w - 4040. Suppose -90 - w = -5*a. What is the units digit of a?
0
Let c = 96 + -91. What is the tens digit of (c - 4014/6)/(-2)?
3
Let f be 601 + -1 + 4 - 6. Suppose -2*i = 4*p - f, p = 2*i + i - 932. What is the units digit of i?
9
Suppose -23*s - 147077 = -1634487. What is the hundreds digit of s?
6
Let j be (146/(-73))/(2/(-2)). Suppose -x - 5*d = -j*d - 735, -2275 = -3*x + 5*d. What is the tens digit of x?
5
Let q(o) = 3652*o**2 + 4*o + 3. Let f be q(-1). Let z = f - 2577. What is the hundreds digit of z?
0
Let o(a) be the third derivative of a**6/240 - a**5/60 + a**4/2 - 4*a**2. Let f(h) be the second derivative of o(h). What is the tens digit of f(4)?
1
Suppose 92*h = 87*h + 17125. What is the units digit of h?
5
Suppose 0 = -6*h + 14 + 4. Suppose h*m + 732 = -3*m. Let n = m + 203. What is the tens digit of n?
8
Let f = -1557 + 512. Let o = f - -1616. What is the tens digit of o?
7
Let l be (-52)/117 - 337/(-9). Let a = l - 36. What is the hundreds digit of ((-820)/(-40))/(a/6)?
1
Let i(d) = -7*d - 3. Let v be -3 + -2 - (1 + -5). Let j be i(v). Suppose 18 = -j*a + 234. What is the tens digit of a?
5
Suppose 22*v - 126 = 15*v. Let r(h) = 4*h**2 - 43*h - 40. What is the hundreds digit of r(v)?
4
Suppose -39534 = -4*i + 3*u, 66*u = -5*i + 61*u + 49400. What is the thousands digit of i?
9
Let l be 2*4 - (-7)/(21/(-12)). Suppose 6*s - 423 = l*s + 5*r, -2*s = 4*r - 468. What is the tens digit of s?
2
Suppose 4*n = -2466 + 2562. What is the thousands digit of 3*((-2518)/n)/((-13)/52)?
1
Let z be -5 + (-2)/(-1) + 0. Let g = -10300 - -10684. What is the hundreds digit of (g - z)/3 + 3?
1
Let z be (-12393)/54 - 2/4. Let q = z - -632. What is the tens digit of q?
0
Suppose o + 6*w - 260 = 7*w, 1328 = 5*o + 2*w. Let m = o - -32. What is the hundreds digit of m?
2
Suppose 0 = 3*q - 0*q - 207. Let h(j) = 9*j**2 + 36*j + 7. Let g be h(-6). Let w = g + q. What is the units digit of w?
4
Let f = 8757 - -1530. What is the ten thousands digit of f?
1
Let m(f) = -15*f + 25 + 2*f - 10*f**2 + 18*f**2 - 7*f**2. Let c be m(11). Suppose a - 220 + 32 = -3*r, c*a - 589 = -4*r. What is the hundreds digit of a?
2
Let f(i) = -3*i**2 - 12*i - 20. Let z(h) = 3*h**2 + 8*h + 21. Let s(n) = -5*f(n) - 4*z(n). What is the units digit of s(-9)?
7
Suppose 0*s - 3*s - 3*f = -21, -5*s = 3*f - 41. Suppose 0 = s*p - 14*p + 1608. What is the tens digit of p?
0
Let h(p) = p**3 - 22*p**2 + 2*p - 25. Let u be h(22). Let m be ((-209)/u)/(2/(-2)). Let x(g) = 3*g - 24. What is the units digit of x(m)?
9
Suppose 82 = j + 74. What is the hundreds digit of (2359/21)/(j/6 + -1)?
3
Suppose -5*z + 55031 = -i, 0*i - 22016 = -2*z + i. What is the thousands digit